3
Let h = 14 + -8. Suppose 3*f = h + 147. List the prime factors of f.
3, 17
Let y(o) = -o**3 + 8*o**2 - 2*o + 11. Let m be y(8). Let a = m + 23. What are the prime factors of a?
2, 3
Suppose 10*l - 5*l - 10 = 0. Suppose -l*p + 30 = 2. List the prime factors of p.
2, 7
Suppose -3*k = d - 0 - 2, -d = 4*k. Let c(b) = 1 - 2 + d*b - b**2 - 5. List the prime factors of c(5).
3
Let b be 71 + (4 - 2 - -1). Let a = -39 + b. What are the prime factors of a?
5, 7
Suppose 0 = -8*j + 3*j. Suppose j = 2*y + 2*y + 180. What are the prime factors of y/(-20) - 2/8?
2
Suppose 4*q - 2*a - 2 = 0, -3*a + 0*a = -3. List the prime factors of (16/5)/(q/5).
2
Let s(x) = -x - 1. Let c be s(-3). Suppose 4*d + 35 = y + 6*d, c*y - 35 = 3*d. What are the prime factors of y?
5
Suppose 2*d = -4*m + 734, -3*d - 912 = -6*m + m. What are the prime factors of m?
3, 61
Suppose -4*p + 403 = -q, 154 = 3*p - 4*q - 158. List the prime factors of p.
2, 5
Let f(t) = t + 2. Let p be f(2). Let k be (8/(-10))/(p/40). Let l = k + 16. What are the prime factors of l?
2
Suppose 0 = 3*r - 4 + 1. Let z be (-2)/(2/(r + 0)). Let w = 8 + z. What are the prime factors of w?
7
Let n(d) = 2*d**2 + d + 2. Let w be n(2). Let u = 19 - w. List the prime factors of u.
7
Let h = 2 - 6. Let o(l) = 8*l**3 + l**2. Let m be o(-1). List the prime factors of 4*(-2)/h - m.
3
Let i(n) = -n**2 + 4*n - 6. Let p be i(4). Let f = -8 - p. What are the prime factors of 1 + f*15/(-6)?
2, 3
Let j = 10 - 20. Let u = -2 - j. What are the prime factors of u?
2
Let p(h) = -h**2 + h - 4. Let k be p(0). Let l = 18 + k. Let o = l + -2. What are the prime factors of o?
2, 3
Suppose -3*z = -2*c + 136, 2*c - 4*z - 75 = 65. List the prime factors of c.
2, 31
Let a(c) = -c + 1. Suppose -2*k = 4*h + 26, -2*k + 17 = -h - 6*k. List the prime factors of a(h).
2, 3
Let f be 90/(-12)*(-8)/10. What are the prime factors of (8 - 44)*(-4)/f?
2, 3
Let i be 0 + (25 - 0/(-2)). Suppose -6*c + i = -c. List the prime factors of c.
5
Suppose -3*c + 8 = v - 6, 4*c + 5*v = 37. Suppose 5*g + 9 = -2*n + 33, -g + 49 = c*n. List the prime factors of n.
17
Let k(f) = -6*f**3 - 12*f**2 - 9*f + 1. Let q(c) = -5*c**3 - 12*c**2 - 9*c + 1. Let p(y) = 4*k(y) - 5*q(y). List the prime factors of p(-11).
3, 7
Let m = -27 + 44. What are the prime factors of m?
17
Let f(d) = -120*d - 2. What are the prime factors of f(-2)?
2, 7, 17
Let k = -17 - -27. What are the prime factors of k?
2, 5
Let s = 14 - 9. Suppose s = -4*n + 17. What are the prime factors of n?
3
Let w = -22 - -38. Let d = 5 - w. Let b = d + 18. What are the prime factors of b?
7
Let w be (-243)/(-7) + 12/42. Suppose 2*d = d + w. Let u = -21 + d. List the prime factors of u.
2, 7
Suppose -4*c - 66 = -214. List the prime factors of c.
37
Suppose -2*n + 0 = -4. Suppose n*t = 7*t - 25. Suppose -t*c + 5 = -35. What are the prime factors of c?
2
Suppose y = 2*t + 12, 1 + 23 = 5*y - t. Let q(o) = -o**3 + 5*o**2 - 3*o - 1. List the prime factors of q(y).
3
Let b(k) = -22*k. Let w = -15 - -13. List the prime factors of b(w).
2, 11
Suppose o = -2, 4*u + u + 3*o = 114. List the prime factors of u.
2, 3
Suppose -3*p - 3*d = 2*p + 21, 4*p + 10 = d. List the prime factors of 38/3 + p/(-9).
13
Let q(h) = -3*h**2 - 4*h - 2. Let l be q(-2). List the prime factors of (-2)/l - (-14)/3.
5
Suppose -77 = -5*v + 98. What are the prime factors of v?
5, 7
Let y(f) = 14*f + 2. What are the prime factors of y(4)?
2, 29
Let w(p) be the second derivative of -p**4/12 + p**3/3 + 2*p**2 - p. Let c be w(3). What are the prime factors of (12*(-2 - -3))/c?
2, 3
Let p be 0/(0 + 2 - 3). Suppose 5*l + p*l - 10 = 0. What are the prime factors of l?
2
Let m be (-3 - 220/(-8))*2. Suppose -4*p = 3*u - 53, 4*p = 4*u + m + 39. List the prime factors of p.
17
Let w(r) = 2*r**2 - r. Let g be w(-1). Suppose g*p - p = 36. What are the prime factors of p?
2, 3
Suppose -2*i + 0*v + 52 = v, i - 16 = 2*v. Suppose -a = -4*l - i, -a - 3*l - 26 = -2*a. List the prime factors of a.
2
Let b(t) = -3*t - 3. Suppose -5*r = -8 + 28. What are the prime factors of b(r)?
3
Let r = -129 - -194. What are the prime factors of r?
5, 13
Let b be ((-10)/(-4))/5*-18. Let g = b + 9. List the prime factors of g - -14 - 0/(-3).
2, 7
What are the prime factors of (328/(-96) - 1/3)*-36?
3, 5
Let l = 50 - 1. List the prime factors of l.
7
Let o = -7 + 7. Suppose o*r + 13 = r. What are the prime factors of r?
13
Suppose 5*a = 4*p + 3*a - 652, 154 = p - 5*a. List the prime factors of p.
2, 41
Suppose 0 = -5*s - 11 + 41. Let k(n) be the third derivative of -n**4/24 + 7*n**3/3 - 2*n**2. List the prime factors of k(s).
2
Let o(y) = 4*y - 7. List the prime factors of o(18).
5, 13
Let z(f) = 3*f + 2. Let c be z(2). Let v = c - 4. What are the prime factors of v?
2
Let l(m) = -2*m**2 + 5*m - 7. Let h be l(3). What are the prime factors of (52/10)/((-1)/h)?
2, 13
Let o(b) be the third derivative of -3*b**4/8 + b**3/6 - b**2. What are the prime factors of o(-4)?
37
Let x(v) be the third derivative of v**5/60 + 7*v**4/24 + v**3/6 + 2*v**2. What are the prime factors of x(-8)?
3
Let j be -2*((0 - -1) + -2). Suppose 0 = 2*s - j*d, 4*s - 4*d + 4 = 2*s. Let p = s - -1. List the prime factors of p.
3
Suppose -210 = 2*c + 3*c. List the prime factors of (-12)/c - 40/(-7).
2, 3
What are the prime factors of 138/30 - 4/(-10)?
5
Suppose n - 10 = -4*n. Suppose -n*j + 3*b = -78, 4*j - 2*b - 173 = -j. Suppose 2*y - 5*y + j = 0. What are the prime factors of y?
11
Let q = -10 - -16. Let o(a) = a - 3. Let r be o(q). Suppose -62 = -5*v + r. List the prime factors of v.
13
Let f(g) = g**2 - 10*g - 3. Let o(n) = -n**3 - 8*n**2 + 8*n + 2. Let c be o(-9). What are the prime factors of f(c)?
2
Let h = -135 - -320. List the prime factors of h.
5, 37
Suppose -20 = 4*k, d + 8*k - 9*k - 156 = 0. What are the prime factors of d?
151
What are the prime factors of ((-189)/15)/((-3)/10)?
2, 3, 7
Suppose -2*d + 2*l + 2 = 0, 2*d + 3*d - 2*l - 14 = 0. Let t = d - -17. List the prime factors of t.
3, 7
Suppose -2*z = 3*b + 30, z + 62 = -2*z + 4*b. Let s = 32 + z. List the prime factors of s.
2, 7
Let c = -10 - -81. What are the prime factors of c?
71
What are the prime factors of (-24)/(-20)*110/4?
3, 11
Let c be (4/(-6))/((-6)/(-9)). Let s = c + 5. Let d = 8 - s. What are the prime factors of d?
2
Suppose 5*t - t = 4*a + 28, t - 3*a = -3. Suppose -4*o = 3*r - 33, 0 = 5*r - r - t. What are the prime factors of o?
2, 3
Suppose 4*s = 2*s + 6. Suppose -s*n + i = -14, i = -3*n - n + 7. Let k = 5 - n. List the prime factors of k.
2
Let t = 14 + -9. Let u(l) = -l - 1. Let z(y) = -4*y + 3. Let d(n) = 2*u(n) - z(n). List the prime factors of d(t).
5
Suppose 11*r + 328 = 1637. List the prime factors of r.
7, 17
Suppose -o - c + 72 = c, -4*o = -3*c - 255. Suppose 5*g - 2*u - o = -19, -3*u - 48 = -5*g. List the prime factors of g.
3
List the prime factors of 173 - (-3 + -1)/(-1).
13
Suppose -4*x - 5*u = 41, 1 - 24 = 2*x + 3*u. What are the prime factors of 27 - 0/(-1) - x?
31
Suppose -7 + 1 = -u. Suppose 40 = 4*m + m. List the prime factors of (-3)/(u/4) + m.
2, 3
Suppose 43 + 41 = 4*j. Let i(l) = -13*l - 3. Let c be i(-2). Suppose -4*f + c = -j. What are the prime factors of f?
11
Let u = -9 - 24. Let o = 55 + u. What are the prime factors of o?
2, 11
Suppose 0 = x - 5*x. Suppose 0*v - 3*v = -9. Suppose x = v*o + o - 28. List the prime factors of o.
7
Let q(j) = -3*j**3 - 12*j**2 - 22*j + 7. List the prime factors of q(-6).
5, 71
Let j = -82 - -111. List the prime factors of j.
29
Let j = 24 - 16. Suppose -3*m + 2*d = -6 - 11, -m + j = -3*d. What are the prime factors of m?
5
Let a(y) = 2*y + 0*y**2 + y**3 + 11 - y + y**2. List the prime factors of a(0).
11
Let h(m) = -m**2 + 11*m - 10. Let z be (12/(-3))/((-4)/8). List the prime factors of h(z).
2, 7
Let f be 3/(-3)*1*-18. Let k = f - 13. What are the prime factors of k?
5
Suppose 0*l + 30 = -2*l. List the prime factors of (-6)/l - (-126)/10.
13
Suppose 4*t = 156 + 308. List the prime factors of t.
2, 29
Let y(b) = -b**2 + b + 3. Let m be y(9). Let j = m + 106. Let q = -25 + j. What are the prime factors of q?
2, 3
Let m(t) be the first derivative of t**4/4 - t**3 - t**2 - 4. Let k be m(-2). Let y = 5 - k. What are the prime factors of y?
3, 7
Suppose -5*i + 21 = -4. Suppo